{"id":769,"date":"2024-04-30T17:48:46","date_gmt":"2024-04-30T17:48:46","guid":{"rendered":"https:\/\/korvo.co\/creators-lab\/?page_id=769"},"modified":"2025-10-29T14:52:39","modified_gmt":"2025-10-29T14:52:39","slug":"ebook-dijital-urun-satis-rehberi","status":"publish","type":"page","link":"https:\/\/korvo.co\/creators-lab\/ebook-dijital-urun-satis-rehberi\/","title":{"rendered":"Ebook &#8211; Dijital \u00dcr\u00fcn Sat\u0131\u015f Rehberi"},"content":{"rendered":"\t\t<div data-elementor-type=\"wp-page\" data-elementor-id=\"769\" class=\"elementor elementor-769\" data-elementor-post-type=\"page\">\n\t\t\t\t<div class=\"elementor-element elementor-element-d3020b6 e-flex e-con-boxed e-con e-parent\" data-id=\"d3020b6\" data-element_type=\"container\" data-e-type=\"container\">\n\t\t\t\t\t<div class=\"e-con-inner\">\n\t\t<div class=\"elementor-element elementor-element-98e913d e-con-full e-flex e-con e-child\" data-id=\"98e913d\" data-element_type=\"container\" data-e-type=\"container\">\n\t\t\t\t<div class=\"elementor-element elementor-element-961f42e elementor-widget__width-initial elementor-widget elementor-widget-image\" data-id=\"961f42e\" data-element_type=\"widget\" data-e-type=\"widget\" data-widget_type=\"image.default\">\n\t\t\t\t<div class=\"elementor-widget-container\">\n\t\t\t\t\t\t\t\t\t\t\t\t\t\t\t<img fetchpriority=\"high\" decoding=\"async\" width=\"1190\" height=\"1684\" src=\"https:\/\/korvo.co\/creators-lab\/wp-content\/uploads\/2025\/10\/landing-page-.png\" class=\"attachment-full size-full wp-image-1456\" alt=\"\" srcset=\"https:\/\/korvo.co\/creators-lab\/wp-content\/uploads\/2025\/10\/landing-page-.png 1190w, https:\/\/korvo.co\/creators-lab\/wp-content\/uploads\/2025\/10\/landing-page--212x300.png 212w, https:\/\/korvo.co\/creators-lab\/wp-content\/uploads\/2025\/10\/landing-page--724x1024.png 724w, https:\/\/korvo.co\/creators-lab\/wp-content\/uploads\/2025\/10\/landing-page--768x1087.png 768w, https:\/\/korvo.co\/creators-lab\/wp-content\/uploads\/2025\/10\/landing-page--1085x1536.png 1085w\" sizes=\"(max-width: 1190px) 100vw, 1190px\" \/>\t\t\t\t\t\t\t\t\t\t\t\t\t\t\t<\/div>\n\t\t\t\t<\/div>\n\t\t\t\t<\/div>\n\t\t<div class=\"elementor-element elementor-element-f250cd7 e-con-full e-flex e-con e-child\" data-id=\"f250cd7\" data-element_type=\"container\" data-e-type=\"container\">\n\t\t\t\t<div class=\"elementor-element elementor-element-c34caa1 elementor-widget elementor-widget-convertkit-elementor-form\" data-id=\"c34caa1\" data-element_type=\"widget\" data-e-type=\"widget\" data-widget_type=\"convertkit-elementor-form.default\">\n\t\t\t\t<div class=\"elementor-widget-container\">\n\t\t\t\t\t<div class=\"convertkit-form wp-block-convertkit-form\" style=\"\"><script async data-uid=\"918bead39e\" src=\"https:\/\/korvo.kit.com\/918bead39e\/index.js\" data-jetpack-boost=\"ignore\" data-no-defer=\"1\" nowprocket><\/script><\/div>\t\t\t\t<\/div>\n\t\t\t\t<\/div>\n\t\t\t\t<\/div>\n\t\t\t\t\t<\/div>\n\t\t\t\t<\/div>\n\t\t<div class=\"elementor-element elementor-element-a17104d e-flex e-con-boxed e-con e-parent\" data-id=\"a17104d\" data-element_type=\"container\" data-e-type=\"container\" data-settings=\"{&quot;background_background&quot;:&quot;classic&quot;}\">\n\t\t\t\t\t<div class=\"e-con-inner\">\n\t\t<div class=\"elementor-element elementor-element-5d52892 e-con-full e-flex e-con e-child\" data-id=\"5d52892\" data-element_type=\"container\" data-e-type=\"container\">\n\t\t\t\t<div class=\"elementor-element elementor-element-8890aac elementor-view-default elementor-widget elementor-widget-icon\" data-id=\"8890aac\" data-element_type=\"widget\" data-e-type=\"widget\" data-widget_type=\"icon.default\">\n\t\t\t\t<div class=\"elementor-widget-container\">\n\t\t\t\t\t\t\t<div class=\"elementor-icon-wrapper\">\n\t\t\t<div class=\"elementor-icon\">\n\t\t\t<svg xmlns=\"http:\/\/www.w3.org\/2000\/svg\" width=\"29\" height=\"29\" viewBox=\"0 0 29 29\" fill=\"none\"><path d=\"M14.9981 0.956115C14.9753 0.697981 14.7591 0.5 14.5 0.5C14.2409 0.5 14.0247 0.697981 14.0019 0.956115C13.6971 4.41596 13.3564 7.64575 11.6656 10.0335C10.0122 12.3685 6.978 14 1 14C0.723858 14 0.5 14.2239 0.5 14.5C0.5 14.7761 0.723858 15 1 15C6.978 15 10.0122 16.6315 11.6656 18.9665C13.3564 21.3543 13.6971 24.584 14.0019 28.0439C14.0247 28.302 14.2409 28.5 14.5 28.5C14.7591 28.5 14.9753 28.302 14.9981 28.0439C15.3029 24.584 15.6436 21.3543 17.3344 18.9665C18.9878 16.6315 22.022 15 28 15C28.2761 15 28.5 14.7761 28.5 14.5C28.5 14.2239 28.2761 14 28 14C22.022 14 18.9878 12.3685 17.3344 10.0335C15.6436 7.64575 15.3029 4.41596 14.9981 0.956115Z\" fill=\"#FFDB20\" stroke=\"#FFDB20\" stroke-linejoin=\"round\"><\/path><\/svg>\t\t\t<\/div>\n\t\t<\/div>\n\t\t\t\t\t\t<\/div>\n\t\t\t\t<\/div>\n\t\t\t\t<div class=\"elementor-element elementor-element-0c11e75 elementor-widget elementor-widget-heading\" data-id=\"0c11e75\" data-element_type=\"widget\" data-e-type=\"widget\" data-widget_type=\"heading.default\">\n\t\t\t\t<div class=\"elementor-widget-container\">\n\t\t\t\t\t<h2 id=\"uzmanliginizi-gelire-donusturun\" class=\"elementor-heading-title elementor-size-default\">Uzmanl\u0131\u011f\u0131n\u0131z\u0131 gelire d\u00f6n\u00fc\u015ft\u00fcr\u00fcn.<br><br><\/h2>\t\t\t\t<\/div>\n\t\t\t\t<\/div>\n\t\t\t\t<div class=\"elementor-element elementor-element-f32c650 elementor-widget elementor-widget-text-editor\" data-id=\"f32c650\" data-element_type=\"widget\" data-e-type=\"widget\" data-widget_type=\"text-editor.default\">\n\t\t\t\t<div class=\"elementor-widget-container\">\n\t\t\t\t\t\t\t\t\t<p>Uzmanl\u0131k alan\u0131n\u0131zda \u00fcretti\u011finiz i\u00e7erikler ve e\u011fitim materyallerini y\u00fcksek kar marj\u0131 ile nas\u0131l dijital \u00fcr\u00fcnlere d\u00f6n\u00fc\u015ft\u00fcrebilece\u011finizi ke\u015ffedin. Bu rehber, uzmanl\u0131\u011f\u0131n\u0131z\u0131 s\u0131n\u0131rs\u0131z potansiyeli olan dijital \u00fcr\u00fcnler haline getirerek pasif gelir elde etmenin yollar\u0131n\u0131 sunuyor.<\/p>\t\t\t\t\t\t\t\t<\/div>\n\t\t\t\t<\/div>\n\t\t\t\t<\/div>\n\t\t<div class=\"elementor-element elementor-element-67072b3 e-con-full e-flex e-con e-child\" data-id=\"67072b3\" data-element_type=\"container\" data-e-type=\"container\">\n\t\t\t\t<div class=\"elementor-element elementor-element-67284c8 elementor-view-default elementor-widget elementor-widget-icon\" data-id=\"67284c8\" data-element_type=\"widget\" data-e-type=\"widget\" data-widget_type=\"icon.default\">\n\t\t\t\t<div class=\"elementor-widget-container\">\n\t\t\t\t\t\t\t<div class=\"elementor-icon-wrapper\">\n\t\t\t<div class=\"elementor-icon\">\n\t\t\t<svg xmlns=\"http:\/\/www.w3.org\/2000\/svg\" width=\"29\" height=\"29\" viewBox=\"0 0 29 29\" fill=\"none\"><path d=\"M14.9981 0.956115C14.9753 0.697981 14.7591 0.5 14.5 0.5C14.2409 0.5 14.0247 0.697981 14.0019 0.956115C13.6971 4.41596 13.3564 7.64575 11.6656 10.0335C10.0122 12.3685 6.978 14 1 14C0.723858 14 0.5 14.2239 0.5 14.5C0.5 14.7761 0.723858 15 1 15C6.978 15 10.0122 16.6315 11.6656 18.9665C13.3564 21.3543 13.6971 24.584 14.0019 28.0439C14.0247 28.302 14.2409 28.5 14.5 28.5C14.7591 28.5 14.9753 28.302 14.9981 28.0439C15.3029 24.584 15.6436 21.3543 17.3344 18.9665C18.9878 16.6315 22.022 15 28 15C28.2761 15 28.5 14.7761 28.5 14.5C28.5 14.2239 28.2761 14 28 14C22.022 14 18.9878 12.3685 17.3344 10.0335C15.6436 7.64575 15.3029 4.41596 14.9981 0.956115Z\" fill=\"#FFDB20\" stroke=\"#FFDB20\" stroke-linejoin=\"round\"><\/path><\/svg>\t\t\t<\/div>\n\t\t<\/div>\n\t\t\t\t\t\t<\/div>\n\t\t\t\t<\/div>\n\t\t\t\t<div class=\"elementor-element elementor-element-2837540 elementor-widget elementor-widget-heading\" data-id=\"2837540\" data-element_type=\"widget\" data-e-type=\"widget\" data-widget_type=\"heading.default\">\n\t\t\t\t<div class=\"elementor-widget-container\">\n\t\t\t\t\t<h2 id=\"dogru-platform-secimi-yapin\" class=\"elementor-heading-title elementor-size-default\">Do\u011fru platform se\u00e7imi yap\u0131n.<br><br><\/h2>\t\t\t\t<\/div>\n\t\t\t\t<\/div>\n\t\t\t\t<div class=\"elementor-element elementor-element-8f7ef22 elementor-widget elementor-widget-text-editor\" data-id=\"8f7ef22\" data-element_type=\"widget\" data-e-type=\"widget\" data-widget_type=\"text-editor.default\">\n\t\t\t\t<div class=\"elementor-widget-container\">\n\t\t\t\t\t\t\t\t\t<p>Kendi web sitenizi mi kullanacaks\u0131n\u0131z, yoksa haz\u0131r platformlardan m\u0131 faydalanacaks\u0131n\u0131z? \u00dcr\u00fcn y\u00f6netimi, marka ki\u015fiselle\u015ftirme ve daha fazlas\u0131&#8230; Bu detayl\u0131 rehber, dijital \u00fcr\u00fcn sat\u0131\u015f platformunuzu nas\u0131l ba\u015ftan sona kurup y\u00f6netece\u011finizi ad\u0131m ad\u0131m anlat\u0131yor. En uygun platform se\u00e7imi, bak\u0131m ve g\u00fcncellemelerle ilgili her detay burada.<\/p>\t\t\t\t\t\t\t\t<\/div>\n\t\t\t\t<\/div>\n\t\t\t\t<\/div>\n\t\t<div class=\"elementor-element elementor-element-9686040 e-con-full e-flex e-con e-child\" data-id=\"9686040\" data-element_type=\"container\" data-e-type=\"container\">\n\t\t\t\t<div class=\"elementor-element elementor-element-9db97e4 elementor-view-default elementor-widget elementor-widget-icon\" data-id=\"9db97e4\" data-element_type=\"widget\" data-e-type=\"widget\" data-widget_type=\"icon.default\">\n\t\t\t\t<div class=\"elementor-widget-container\">\n\t\t\t\t\t\t\t<div class=\"elementor-icon-wrapper\">\n\t\t\t<div class=\"elementor-icon\">\n\t\t\t<svg xmlns=\"http:\/\/www.w3.org\/2000\/svg\" width=\"29\" height=\"29\" viewBox=\"0 0 29 29\" fill=\"none\"><path d=\"M14.9981 0.956115C14.9753 0.697981 14.7591 0.5 14.5 0.5C14.2409 0.5 14.0247 0.697981 14.0019 0.956115C13.6971 4.41596 13.3564 7.64575 11.6656 10.0335C10.0122 12.3685 6.978 14 1 14C0.723858 14 0.5 14.2239 0.5 14.5C0.5 14.7761 0.723858 15 1 15C6.978 15 10.0122 16.6315 11.6656 18.9665C13.3564 21.3543 13.6971 24.584 14.0019 28.0439C14.0247 28.302 14.2409 28.5 14.5 28.5C14.7591 28.5 14.9753 28.302 14.9981 28.0439C15.3029 24.584 15.6436 21.3543 17.3344 18.9665C18.9878 16.6315 22.022 15 28 15C28.2761 15 28.5 14.7761 28.5 14.5C28.5 14.2239 28.2761 14 28 14C22.022 14 18.9878 12.3685 17.3344 10.0335C15.6436 7.64575 15.3029 4.41596 14.9981 0.956115Z\" fill=\"#FFDB20\" stroke=\"#FFDB20\" stroke-linejoin=\"round\"><\/path><\/svg>\t\t\t<\/div>\n\t\t<\/div>\n\t\t\t\t\t\t<\/div>\n\t\t\t\t<\/div>\n\t\t\t\t<div class=\"elementor-element elementor-element-8e054e0 elementor-widget elementor-widget-heading\" data-id=\"8e054e0\" data-element_type=\"widget\" data-e-type=\"widget\" data-widget_type=\"heading.default\">\n\t\t\t\t<div class=\"elementor-widget-container\">\n\t\t\t\t\t<h2 id=\"etkili-pazarlama-ve-musteri-yonetimi-mecralarini-ogrenin\" class=\"elementor-heading-title elementor-size-default\">Etkili pazarlama ve m\u00fc\u015fteri y\u00f6netimi mecralar\u0131n\u0131 \u00f6\u011frenin.<\/h2>\t\t\t\t<\/div>\n\t\t\t\t<\/div>\n\t\t\t\t<div class=\"elementor-element elementor-element-afb3876 elementor-widget elementor-widget-text-editor\" data-id=\"afb3876\" data-element_type=\"widget\" data-e-type=\"widget\" data-widget_type=\"text-editor.default\">\n\t\t\t\t<div class=\"elementor-widget-container\">\n\t\t\t\t\t\t\t\t\t<p>Dijital \u00fcr\u00fcnlerinizi en etkili \u015fekilde hangi platformlarda pazarlayaca\u011f\u0131n\u0131z\u0131 ve m\u00fc\u015fterilerinizle nas\u0131l etkile\u015fim kurabilece\u011finizi \u00f6\u011frenin. \u00dcr\u00fcnlerinizi tan\u0131tarak daha geni\u015f kitlelere ula\u015fman\u0131n ve m\u00fc\u015fteri sadakatini artt\u0131rman\u0131n kolay ve zor oldu\u011fu platformlar\u0131 ke\u015ffedin.<\/p>\t\t\t\t\t\t\t\t<\/div>\n\t\t\t\t<\/div>\n\t\t\t\t<\/div>\n\t\t\t\t\t<\/div>\n\t\t\t\t<\/div>\n\t\t\t\t<\/div>\n\t\t","protected":false},"excerpt":{"rendered":"<p>Uzmanl\u0131\u011f\u0131n\u0131z\u0131 gelire d\u00f6n\u00fc\u015ft\u00fcr\u00fcn. Uzmanl\u0131k alan\u0131n\u0131zda \u00fcretti\u011finiz i\u00e7erikler ve e\u011fitim materyallerini y\u00fcksek kar marj\u0131 ile nas\u0131l dijital \u00fcr\u00fcnlere d\u00f6n\u00fc\u015ft\u00fcrebilece\u011finizi ke\u015ffedin. Bu rehber, uzmanl\u0131\u011f\u0131n\u0131z\u0131 s\u0131n\u0131rs\u0131z potansiyeli olan dijital \u00fcr\u00fcnler haline getirerek pasif gelir elde etmenin yollar\u0131n\u0131 sunuyor. Do\u011fru platform se\u00e7imi yap\u0131n. Kendi web sitenizi mi kullanacaks\u0131n\u0131z, yoksa haz\u0131r platformlardan m\u0131 faydalanacaks\u0131n\u0131z? \u00dcr\u00fcn y\u00f6netimi, marka ki\u015fiselle\u015ftirme ve daha [&hellip;]<\/p>\n","protected":false},"author":4,"featured_media":0,"parent":0,"menu_order":0,"comment_status":"closed","ping_status":"closed","template":"","meta":{"_acf_changed":false,"_angie_page":false,"_wp_convertkit_post_meta":{"form":"-1","landing_page":"0","tag":"0","restrict_content":"0"},"footnotes":""},"folder":[108],"class_list":["post-769","page","type-page","status-publish","hentry"],"acf":[],"_links":{"self":[{"href":"https:\/\/korvo.co\/creators-lab\/wp-json\/wp\/v2\/pages\/769","targetHints":{"allow":["GET"]}}],"collection":[{"href":"https:\/\/korvo.co\/creators-lab\/wp-json\/wp\/v2\/pages"}],"about":[{"href":"https:\/\/korvo.co\/creators-lab\/wp-json\/wp\/v2\/types\/page"}],"author":[{"embeddable":true,"href":"https:\/\/korvo.co\/creators-lab\/wp-json\/wp\/v2\/users\/4"}],"replies":[{"embeddable":true,"href":"https:\/\/korvo.co\/creators-lab\/wp-json\/wp\/v2\/comments?post=769"}],"version-history":[{"count":35,"href":"https:\/\/korvo.co\/creators-lab\/wp-json\/wp\/v2\/pages\/769\/revisions"}],"predecessor-version":[{"id":1573,"href":"https:\/\/korvo.co\/creators-lab\/wp-json\/wp\/v2\/pages\/769\/revisions\/1573"}],"wp:attachment":[{"href":"https:\/\/korvo.co\/creators-lab\/wp-json\/wp\/v2\/media?parent=769"}],"wp:term":[{"taxonomy":"folder","embeddable":true,"href":"https:\/\/korvo.co\/creators-lab\/wp-json\/wp\/v2\/folder?post=769"}],"curies":[{"name":"wp","href":"https:\/\/api.w.org\/{rel}","templated":true}]}}