{"id":420,"date":"2024-03-21T04:50:20","date_gmt":"2024-03-21T04:50:20","guid":{"rendered":"https:\/\/korvo.co\/creators-lab\/?page_id=420"},"modified":"2025-07-28T17:09:17","modified_gmt":"2025-07-28T17:09:17","slug":"ebook-icerik-pazarlamasi-tuneli","status":"publish","type":"page","link":"https:\/\/korvo.co\/creators-lab\/ebook-icerik-pazarlamasi-tuneli\/","title":{"rendered":"Ebook &#8211; \u0130\u00e7erik Pazarlamas\u0131 T\u00fcneli"},"content":{"rendered":"\t\t<div data-elementor-type=\"wp-page\" data-elementor-id=\"420\" class=\"elementor elementor-420\" data-elementor-post-type=\"page\">\n\t\t\t\t<div class=\"elementor-element elementor-element-d3020b6 e-flex e-con-boxed e-con e-parent\" data-id=\"d3020b6\" data-element_type=\"container\" data-e-type=\"container\">\n\t\t\t\t\t<div class=\"e-con-inner\">\n\t\t<div class=\"elementor-element elementor-element-98e913d e-con-full e-flex e-con e-child\" data-id=\"98e913d\" data-element_type=\"container\" data-e-type=\"container\">\n\t\t\t\t<div class=\"elementor-element elementor-element-961f42e elementor-widget__width-initial elementor-widget elementor-widget-image\" data-id=\"961f42e\" data-element_type=\"widget\" data-e-type=\"widget\" data-widget_type=\"image.default\">\n\t\t\t\t<div class=\"elementor-widget-container\">\n\t\t\t\t\t\t\t\t\t\t\t\t\t\t\t<img fetchpriority=\"high\" decoding=\"async\" width=\"724\" height=\"1024\" src=\"https:\/\/korvo.co\/creators-lab\/wp-content\/uploads\/2024\/04\/A4-30-1-724x1024.png\" class=\"attachment-large size-large wp-image-636\" alt=\"\" srcset=\"https:\/\/korvo.co\/creators-lab\/wp-content\/uploads\/2024\/04\/A4-30-1-724x1024.png 724w, https:\/\/korvo.co\/creators-lab\/wp-content\/uploads\/2024\/04\/A4-30-1-212x300.png 212w, https:\/\/korvo.co\/creators-lab\/wp-content\/uploads\/2024\/04\/A4-30-1-768x1087.png 768w, https:\/\/korvo.co\/creators-lab\/wp-content\/uploads\/2024\/04\/A4-30-1-1085x1536.png 1085w, https:\/\/korvo.co\/creators-lab\/wp-content\/uploads\/2024\/04\/A4-30-1-1447x2048.png 1447w, https:\/\/korvo.co\/creators-lab\/wp-content\/uploads\/2024\/04\/A4-30-1-110x156.png 110w, https:\/\/korvo.co\/creators-lab\/wp-content\/uploads\/2024\/04\/A4-30-1-200x283.png 200w, https:\/\/korvo.co\/creators-lab\/wp-content\/uploads\/2024\/04\/A4-30-1-380x538.png 380w, https:\/\/korvo.co\/creators-lab\/wp-content\/uploads\/2024\/04\/A4-30-1-255x361.png 255w, https:\/\/korvo.co\/creators-lab\/wp-content\/uploads\/2024\/04\/A4-30-1-300x425.png 300w, https:\/\/korvo.co\/creators-lab\/wp-content\/uploads\/2024\/04\/A4-30-1-550x778.png 550w, https:\/\/korvo.co\/creators-lab\/wp-content\/uploads\/2024\/04\/A4-30-1-800x1132.png 800w, https:\/\/korvo.co\/creators-lab\/wp-content\/uploads\/2024\/04\/A4-30-1-1160x1642.png 1160w\" sizes=\"(max-width: 724px) 100vw, 724px\" \/>\t\t\t\t\t\t\t\t\t\t\t\t\t\t\t<\/div>\n\t\t\t\t<\/div>\n\t\t\t\t<\/div>\n\t\t<div class=\"elementor-element elementor-element-f250cd7 e-con-full e-flex e-con e-child\" data-id=\"f250cd7\" data-element_type=\"container\" data-e-type=\"container\">\n\t\t\t\t<div class=\"elementor-element elementor-element-3602a40 elementor-widget elementor-widget-convertkit-elementor-form\" data-id=\"3602a40\" data-element_type=\"widget\" data-e-type=\"widget\" data-widget_type=\"convertkit-elementor-form.default\">\n\t\t\t\t<div class=\"elementor-widget-container\">\n\t\t\t\t\t<div class=\"convertkit-form wp-block-convertkit-form\" style=\"\"><script async data-uid=\"7b1ec71eb1\" src=\"https:\/\/korvo.kit.com\/7b1ec71eb1\/index.js\" data-jetpack-boost=\"ignore\" data-no-defer=\"1\" nowprocket><\/script><\/div>\t\t\t\t<\/div>\n\t\t\t\t<\/div>\n\t\t\t\t<\/div>\n\t\t\t\t\t<\/div>\n\t\t\t\t<\/div>\n\t\t<div class=\"elementor-element elementor-element-a17104d e-flex e-con-boxed e-con e-parent\" data-id=\"a17104d\" data-element_type=\"container\" data-e-type=\"container\" data-settings=\"{&quot;background_background&quot;:&quot;classic&quot;}\">\n\t\t\t\t\t<div class=\"e-con-inner\">\n\t\t<div class=\"elementor-element elementor-element-5d52892 e-con-full e-flex e-con e-child\" data-id=\"5d52892\" data-element_type=\"container\" data-e-type=\"container\">\n\t\t\t\t<div class=\"elementor-element elementor-element-8890aac elementor-view-default elementor-widget elementor-widget-icon\" data-id=\"8890aac\" data-element_type=\"widget\" data-e-type=\"widget\" data-widget_type=\"icon.default\">\n\t\t\t\t<div class=\"elementor-widget-container\">\n\t\t\t\t\t\t\t<div class=\"elementor-icon-wrapper\">\n\t\t\t<div class=\"elementor-icon\">\n\t\t\t<svg xmlns=\"http:\/\/www.w3.org\/2000\/svg\" width=\"29\" height=\"29\" viewBox=\"0 0 29 29\" fill=\"none\"><path d=\"M14.9981 0.956115C14.9753 0.697981 14.7591 0.5 14.5 0.5C14.2409 0.5 14.0247 0.697981 14.0019 0.956115C13.6971 4.41596 13.3564 7.64575 11.6656 10.0335C10.0122 12.3685 6.978 14 1 14C0.723858 14 0.5 14.2239 0.5 14.5C0.5 14.7761 0.723858 15 1 15C6.978 15 10.0122 16.6315 11.6656 18.9665C13.3564 21.3543 13.6971 24.584 14.0019 28.0439C14.0247 28.302 14.2409 28.5 14.5 28.5C14.7591 28.5 14.9753 28.302 14.9981 28.0439C15.3029 24.584 15.6436 21.3543 17.3344 18.9665C18.9878 16.6315 22.022 15 28 15C28.2761 15 28.5 14.7761 28.5 14.5C28.5 14.2239 28.2761 14 28 14C22.022 14 18.9878 12.3685 17.3344 10.0335C15.6436 7.64575 15.3029 4.41596 14.9981 0.956115Z\" fill=\"#FFDB20\" stroke=\"#FFDB20\" stroke-linejoin=\"round\"><\/path><\/svg>\t\t\t<\/div>\n\t\t<\/div>\n\t\t\t\t\t\t<\/div>\n\t\t\t\t<\/div>\n\t\t\t\t<div class=\"elementor-element elementor-element-0c11e75 elementor-widget elementor-widget-heading\" data-id=\"0c11e75\" data-element_type=\"widget\" data-e-type=\"widget\" data-widget_type=\"heading.default\">\n\t\t\t\t<div class=\"elementor-widget-container\">\n\t\t\t\t\t<h2 id=\"pazarlama-tunelinin-4-asamasi-nedir\" class=\"elementor-heading-title elementor-size-default\">Pazarlama t\u00fcnelinin 4 a\u015famas\u0131 nedir?\n<\/h2>\t\t\t\t<\/div>\n\t\t\t\t<\/div>\n\t\t\t\t<div class=\"elementor-element elementor-element-f32c650 elementor-widget elementor-widget-text-editor\" data-id=\"f32c650\" data-element_type=\"widget\" data-e-type=\"widget\" data-widget_type=\"text-editor.default\">\n\t\t\t\t<div class=\"elementor-widget-container\">\n\t\t\t\t\t\t\t\t\tKe\u015fif, g\u00fcven, eri\u015fim ve sat\u0131\u015f. \u0130\u015flerinizi b\u00fcy\u00fctecek bu d\u00f6rt ad\u0131ma \u00fccretsiz rehberimizde detayl\u0131ca de\u011findik. Siz de pazarlama t\u00fcnelinizi kurmadan \u00f6nce bu a\u015famalar\u0131 detayl\u0131ca \u00f6\u011frenin.\t\t\t\t\t\t\t\t<\/div>\n\t\t\t\t<\/div>\n\t\t\t\t<\/div>\n\t\t<div class=\"elementor-element elementor-element-67072b3 e-con-full e-flex e-con e-child\" data-id=\"67072b3\" data-element_type=\"container\" data-e-type=\"container\">\n\t\t\t\t<div class=\"elementor-element elementor-element-67284c8 elementor-view-default elementor-widget elementor-widget-icon\" data-id=\"67284c8\" data-element_type=\"widget\" data-e-type=\"widget\" data-widget_type=\"icon.default\">\n\t\t\t\t<div class=\"elementor-widget-container\">\n\t\t\t\t\t\t\t<div class=\"elementor-icon-wrapper\">\n\t\t\t<div class=\"elementor-icon\">\n\t\t\t<svg xmlns=\"http:\/\/www.w3.org\/2000\/svg\" width=\"29\" height=\"29\" viewBox=\"0 0 29 29\" fill=\"none\"><path d=\"M14.9981 0.956115C14.9753 0.697981 14.7591 0.5 14.5 0.5C14.2409 0.5 14.0247 0.697981 14.0019 0.956115C13.6971 4.41596 13.3564 7.64575 11.6656 10.0335C10.0122 12.3685 6.978 14 1 14C0.723858 14 0.5 14.2239 0.5 14.5C0.5 14.7761 0.723858 15 1 15C6.978 15 10.0122 16.6315 11.6656 18.9665C13.3564 21.3543 13.6971 24.584 14.0019 28.0439C14.0247 28.302 14.2409 28.5 14.5 28.5C14.7591 28.5 14.9753 28.302 14.9981 28.0439C15.3029 24.584 15.6436 21.3543 17.3344 18.9665C18.9878 16.6315 22.022 15 28 15C28.2761 15 28.5 14.7761 28.5 14.5C28.5 14.2239 28.2761 14 28 14C22.022 14 18.9878 12.3685 17.3344 10.0335C15.6436 7.64575 15.3029 4.41596 14.9981 0.956115Z\" fill=\"#FFDB20\" stroke=\"#FFDB20\" stroke-linejoin=\"round\"><\/path><\/svg>\t\t\t<\/div>\n\t\t<\/div>\n\t\t\t\t\t\t<\/div>\n\t\t\t\t<\/div>\n\t\t\t\t<div class=\"elementor-element elementor-element-2837540 elementor-widget elementor-widget-heading\" data-id=\"2837540\" data-element_type=\"widget\" data-e-type=\"widget\" data-widget_type=\"heading.default\">\n\t\t\t\t<div class=\"elementor-widget-container\">\n\t\t\t\t\t<h2 id=\"ucretli-etkinliklerinize-kayitlari-nasil-artirirsiniz\" class=\"elementor-heading-title elementor-size-default\">\u00dccretli etkinliklerinize kay\u0131tlar\u0131 nas\u0131l art\u0131r\u0131rs\u0131n\u0131z?<\/h2>\t\t\t\t<\/div>\n\t\t\t\t<\/div>\n\t\t\t\t<div class=\"elementor-element elementor-element-8f7ef22 elementor-widget elementor-widget-text-editor\" data-id=\"8f7ef22\" data-element_type=\"widget\" data-e-type=\"widget\" data-widget_type=\"text-editor.default\">\n\t\t\t\t<div class=\"elementor-widget-container\">\n\t\t\t\t\t\t\t\t\t\u0130\u00e7erik pazarlamas\u0131 t\u00fcnelini kullanarak kendinize uygun stratejinizi olu\u015fturun, tekrarlanabilir bir s\u00fcre\u00e7 ile gelirlerinizi artt\u0131r\u0131n.\t\t\t\t\t\t\t\t<\/div>\n\t\t\t\t<\/div>\n\t\t\t\t<\/div>\n\t\t<div class=\"elementor-element elementor-element-9686040 e-con-full e-flex e-con e-child\" data-id=\"9686040\" data-element_type=\"container\" data-e-type=\"container\">\n\t\t\t\t<div class=\"elementor-element elementor-element-9db97e4 elementor-view-default elementor-widget elementor-widget-icon\" data-id=\"9db97e4\" data-element_type=\"widget\" data-e-type=\"widget\" data-widget_type=\"icon.default\">\n\t\t\t\t<div class=\"elementor-widget-container\">\n\t\t\t\t\t\t\t<div class=\"elementor-icon-wrapper\">\n\t\t\t<div class=\"elementor-icon\">\n\t\t\t<svg xmlns=\"http:\/\/www.w3.org\/2000\/svg\" width=\"29\" height=\"29\" viewBox=\"0 0 29 29\" fill=\"none\"><path d=\"M14.9981 0.956115C14.9753 0.697981 14.7591 0.5 14.5 0.5C14.2409 0.5 14.0247 0.697981 14.0019 0.956115C13.6971 4.41596 13.3564 7.64575 11.6656 10.0335C10.0122 12.3685 6.978 14 1 14C0.723858 14 0.5 14.2239 0.5 14.5C0.5 14.7761 0.723858 15 1 15C6.978 15 10.0122 16.6315 11.6656 18.9665C13.3564 21.3543 13.6971 24.584 14.0019 28.0439C14.0247 28.302 14.2409 28.5 14.5 28.5C14.7591 28.5 14.9753 28.302 14.9981 28.0439C15.3029 24.584 15.6436 21.3543 17.3344 18.9665C18.9878 16.6315 22.022 15 28 15C28.2761 15 28.5 14.7761 28.5 14.5C28.5 14.2239 28.2761 14 28 14C22.022 14 18.9878 12.3685 17.3344 10.0335C15.6436 7.64575 15.3029 4.41596 14.9981 0.956115Z\" fill=\"#FFDB20\" stroke=\"#FFDB20\" stroke-linejoin=\"round\"><\/path><\/svg>\t\t\t<\/div>\n\t\t<\/div>\n\t\t\t\t\t\t<\/div>\n\t\t\t\t<\/div>\n\t\t\t\t<div class=\"elementor-element elementor-element-8e054e0 elementor-widget elementor-widget-heading\" data-id=\"8e054e0\" data-element_type=\"widget\" data-e-type=\"widget\" data-widget_type=\"heading.default\">\n\t\t\t\t<div class=\"elementor-widget-container\">\n\t\t\t\t\t<h2 id=\"icerik-stratejinizi-nasil-guclendirirsiniz\" class=\"elementor-heading-title elementor-size-default\">\u0130\u00e7erik stratejinizi nas\u0131l g\u00fc\u00e7lendirirsiniz?\n<\/h2>\t\t\t\t<\/div>\n\t\t\t\t<\/div>\n\t\t\t\t<div class=\"elementor-element elementor-element-afb3876 elementor-widget elementor-widget-text-editor\" data-id=\"afb3876\" data-element_type=\"widget\" data-e-type=\"widget\" data-widget_type=\"text-editor.default\">\n\t\t\t\t<div class=\"elementor-widget-container\">\n\t\t\t\t\t\t\t\t\t\u0130\u00e7erik pazarlamas\u0131 t\u00fcnelini kullanarak gelirinizi art\u0131rabilirsiniz ama her strateji gibi bu stratejinin de ki\u015fiselle\u015ftirmeye ve g\u00fc\u00e7lenmeye ihtiyac\u0131 var. 4 etkili p\u00fcf noktas\u0131yla ihtiyac\u0131n\u0131z\u0131 kar\u015f\u0131lay\u0131n.\n\n\t\t\t\t\t\t\t\t<\/div>\n\t\t\t\t<\/div>\n\t\t\t\t<\/div>\n\t\t\t\t\t<\/div>\n\t\t\t\t<\/div>\n\t\t\t\t<\/div>\n\t\t","protected":false},"excerpt":{"rendered":"<p>Pazarlama t\u00fcnelinin 4 a\u015famas\u0131 nedir? Ke\u015fif, g\u00fcven, eri\u015fim ve sat\u0131\u015f. \u0130\u015flerinizi b\u00fcy\u00fctecek bu d\u00f6rt ad\u0131ma \u00fccretsiz rehberimizde detayl\u0131ca de\u011findik. Siz de pazarlama t\u00fcnelinizi kurmadan \u00f6nce bu a\u015famalar\u0131 detayl\u0131ca \u00f6\u011frenin. \u00dccretli etkinliklerinize kay\u0131tlar\u0131 nas\u0131l art\u0131r\u0131rs\u0131n\u0131z? \u0130\u00e7erik pazarlamas\u0131 t\u00fcnelini kullanarak kendinize uygun stratejinizi olu\u015fturun, tekrarlanabilir bir s\u00fcre\u00e7 ile gelirlerinizi artt\u0131r\u0131n. \u0130\u00e7erik stratejinizi nas\u0131l g\u00fc\u00e7lendirirsiniz? \u0130\u00e7erik pazarlamas\u0131 t\u00fcnelini [&hellip;]<\/p>\n","protected":false},"author":7,"featured_media":0,"parent":0,"menu_order":0,"comment_status":"closed","ping_status":"closed","template":"","meta":{"_acf_changed":false,"_angie_page":false,"_wp_convertkit_post_meta":{"form":"-1","landing_page":"0","tag":"0","restrict_content":"0"},"footnotes":""},"folder":[108],"class_list":["post-420","page","type-page","status-publish","hentry"],"acf":[],"_links":{"self":[{"href":"https:\/\/korvo.co\/creators-lab\/wp-json\/wp\/v2\/pages\/420","targetHints":{"allow":["GET"]}}],"collection":[{"href":"https:\/\/korvo.co\/creators-lab\/wp-json\/wp\/v2\/pages"}],"about":[{"href":"https:\/\/korvo.co\/creators-lab\/wp-json\/wp\/v2\/types\/page"}],"author":[{"embeddable":true,"href":"https:\/\/korvo.co\/creators-lab\/wp-json\/wp\/v2\/users\/7"}],"replies":[{"embeddable":true,"href":"https:\/\/korvo.co\/creators-lab\/wp-json\/wp\/v2\/comments?post=420"}],"version-history":[{"count":112,"href":"https:\/\/korvo.co\/creators-lab\/wp-json\/wp\/v2\/pages\/420\/revisions"}],"predecessor-version":[{"id":1382,"href":"https:\/\/korvo.co\/creators-lab\/wp-json\/wp\/v2\/pages\/420\/revisions\/1382"}],"wp:attachment":[{"href":"https:\/\/korvo.co\/creators-lab\/wp-json\/wp\/v2\/media?parent=420"}],"wp:term":[{"taxonomy":"folder","embeddable":true,"href":"https:\/\/korvo.co\/creators-lab\/wp-json\/wp\/v2\/folder?post=420"}],"curies":[{"name":"wp","href":"https:\/\/api.w.org\/{rel}","templated":true}]}}